{"id":437,"date":"2018-10-21T00:00:00","date_gmt":"2021-10-07T14:56:20","guid":{"rendered":"https:\/\/beta.scuderiequirinale.it\/activity\/altre-storie-ovidio-in-citta\/"},"modified":"2021-10-14T16:09:48","modified_gmt":"2021-10-14T14:09:48","slug":"altre-storie-ovidio-in-citta","status":"publish","type":"activity","link":"https:\/\/scuderiequirinale.it\/en\/activity\/altre-storie-ovidio-in-citta\/","title":{"rendered":"Altre storie: Ovidio in citt\u00e0"},"content":{"rendered":"\n<p>Da domenica 21 ottobre 2018 a Gioved\u00ec 19 gennaio 2019<\/p>\n\n\n\n<!--more-->\n\n\n\n<p><strong>Domenica 21 ottobre 2018, ore 11.00<\/strong><br>Teatro Argentina<br><strong><em>Ovidio. Amori, miti e altre storie \u2013 L\u2019idea di un grande progetto, la felicit\u00e0 delle parole<br><\/em><\/strong><em>Incontro con Francesca Ghedini e Nicola Gardini<br><\/em>In collaborazione con il Teatro di Roma &#8211; Teatro Nazionale<\/p>\n\n\n\n<p><strong>Gioved\u00ec 15 novembre 2018, ore 18.00<\/strong><br>Villa Medici<br><strong><em>Gli amori degli d\u00e8i tra intrighi e incanti<br><\/em><\/strong><em>Incontro con Piero Boitani<br><\/em>In collaborazione con Accademia di Francia a Roma &#8211; Villa Medici<\/p>\n\n\n\n<p><strong>Sabato 1\u00b0 dicembre 2018, ore 11.30<\/strong><br>Curia Iulia, ingresso da Via dei Fori Imperiali<br><strong><em>L\u2019amore e l\u2019adulterio tra d\u00e8i e uomini<br><\/em><\/strong><em>Incontro con Eva Cantarella e Maurizio Bettini<br><\/em>In collaborazione con il Parco Archeologico del Colosseo<br>Ingresso dedicato su via dei Fori Imperiali lato Foro di Cesare<br>(capienza massima della sala 130 posti)<\/p>\n\n\n\n<p><strong>Domenica 2 dicembre 2018, ore 11.00<\/strong><br>Teatro Argentina<br><strong><em>Un viaggio in divenire: le metamorfosi nelle arti contemporanee<br><\/em><\/strong><em>Incontro con Francesco Bonami, Graziano Graziani e Steve Della Casa<br><\/em>In collaborazione con il Teatro di Roma &#8211; Teatro Nazionale<br><strong><em>Prenotazione obbligatoria sulla piattaforma<\/em><a href=\"https:\/\/www.eventbrite.it\/e\/biglietti-ovidio-in-citta-un-viaggio-in-divenire-le-metamorfosi-nelle-arti-contemporanee-52256770407?aff=ebdssbdestsearch\" target=\"_blank\" rel=\"noreferrer noopener\">&nbsp;eventbrite<\/a><\/strong><\/p>\n\n\n\n<p><strong>Mercoled\u00ec 5 dicembre 2018, ore 21.00<\/strong><br>Teatro Eliseo<br><strong><em>Tra arte e potere. Ovidio versus Augusto Imperatore: colpevole o innocente?<br><\/em><\/strong><strong><em>Al pubblico il verdetto!<br><\/em><\/strong><em>All\u2019interno del ciclo \u201cLa Storia a Processo\u201d di Elisa Greco<br><\/em>In collaborazione con il Teatro Eliseo<\/p>\n\n\n\n<p><strong>Marted\u00ec 08 gennaio 2019, ore 18.00<\/strong><br>Palazzo Altemps<br><strong><em>Le \u201cArti\u201d delle Metamorfosi: da Pigmalione a Hitchcock, da Aracne a Marina Abramovic<br><\/em><\/strong><em>In conversazione Claudia Cieri Via, Victor Stoichita con Andrea Cortellessa<br><\/em>In collaborazione con il Museo Nazionale Romano<\/p>\n\n\n\n<p><strong>Gioved\u00ec 10 gennaio 2019, ore 18.00<\/strong><br>Accademia di Romania<br><strong><em>Le parole dell\u2019esilio<br><\/em><\/strong><em>In conversazione Maria Grazia Ciani, Victor Stoichita con Andrea Cortellessa<\/em><\/p>\n\n\n\n<p>Tutti gli incontri sono a ingresso libero fino a esaurimento posti.<br>Per l\u2019appuntamento del ciclo \u201cLa Storia a Processo\u201d biglietti e info su&nbsp;<a href=\"http:\/\/www.teatroeliseo.com\/\">www.teatroeliseo.com<\/a>. Riduzioni speciali per i possessori del biglietto della mostra \u201cOvidio. Amori, miti e altre storie\u201d<\/p>\n","protected":false},"featured_media":331,"menu_order":168,"template":"pages-templates\/activity.php","class_list":["post-437","activity","type-activity","status-publish","has-post-thumbnail","hentry"],"acf":[],"yoast_head":"<!-- This site is optimized with the Yoast SEO plugin v26.8 - https:\/\/yoast.com\/product\/yoast-seo-wordpress\/ -->\r\n<title>Altre storie: Ovidio in citt\u00e0 | Scuderie del Quirinale<\/title>\r\n<meta name=\"robots\" content=\"index, follow, max-snippet:-1, max-image-preview:large, max-video-preview:-1\" \/>\r\n<link rel=\"canonical\" href=\"https:\/\/scuderiequirinale.it\/activity\/altre-storie-ovidio-in-citta\/\" \/>\r\n<meta property=\"og:locale\" content=\"en_US\" \/>\r\n<meta property=\"og:type\" content=\"article\" \/>\r\n<meta property=\"og:title\" content=\"Altre storie: Ovidio in citt\u00e0 | Scuderie del Quirinale\" \/>\r\n<meta property=\"og:description\" content=\"Da domenica 21 ottobre 2018 a Gioved\u00ec 19 gennaio 2019 [...]Read More... from Altre storie: Ovidio in citt\u00e0\" \/>\r\n<meta property=\"og:url\" content=\"https:\/\/scuderiequirinale.it\/activity\/altre-storie-ovidio-in-citta\/\" \/>\r\n<meta property=\"og:site_name\" content=\"Scuderie del Quirinale\" \/>\r\n<meta property=\"article:modified_time\" content=\"2021-10-14T14:09:48+00:00\" \/>\r\n<meta property=\"og:image\" content=\"https:\/\/scuderiequirinale.it\/wp-content\/uploads\/2021\/10\/ovidio-testata.jpg\" \/>\r\n\t<meta property=\"og:image:width\" content=\"1920\" \/>\r\n\t<meta property=\"og:image:height\" content=\"1028\" \/>\r\n\t<meta property=\"og:image:type\" content=\"image\/jpeg\" \/>\r\n<meta name=\"twitter:card\" content=\"summary_large_image\" \/>\r\n<meta name=\"twitter:label1\" content=\"Est. reading time\" \/>\n\t<meta name=\"twitter:data1\" content=\"1 minute\" \/>\r\n<script type=\"application\/ld+json\" class=\"yoast-schema-graph\">{\"@context\":\"https:\/\/schema.org\",\"@graph\":[{\"@type\":\"WebPage\",\"@id\":\"https:\/\/scuderiequirinale.it\/activity\/altre-storie-ovidio-in-citta\/\",\"url\":\"https:\/\/scuderiequirinale.it\/activity\/altre-storie-ovidio-in-citta\/\",\"name\":\"Altre storie: Ovidio in citt\u00e0 | Scuderie del Quirinale\",\"isPartOf\":{\"@id\":\"https:\/\/scuderiequirinale.it\/#website\"},\"primaryImageOfPage\":{\"@id\":\"https:\/\/scuderiequirinale.it\/activity\/altre-storie-ovidio-in-citta\/#primaryimage\"},\"image\":{\"@id\":\"https:\/\/scuderiequirinale.it\/activity\/altre-storie-ovidio-in-citta\/#primaryimage\"},\"thumbnailUrl\":\"https:\/\/scuderiequirinale.it\/wp-content\/uploads\/2021\/10\/ovidio-testata.jpg\",\"datePublished\":\"2021-10-07T14:56:20+00:00\",\"dateModified\":\"2021-10-14T14:09:48+00:00\",\"inLanguage\":\"en-US\",\"potentialAction\":[{\"@type\":\"ReadAction\",\"target\":[\"https:\/\/scuderiequirinale.it\/activity\/altre-storie-ovidio-in-citta\/\"]}]},{\"@type\":\"ImageObject\",\"inLanguage\":\"en-US\",\"@id\":\"https:\/\/scuderiequirinale.it\/activity\/altre-storie-ovidio-in-citta\/#primaryimage\",\"url\":\"https:\/\/scuderiequirinale.it\/wp-content\/uploads\/2021\/10\/ovidio-testata.jpg\",\"contentUrl\":\"https:\/\/scuderiequirinale.it\/wp-content\/uploads\/2021\/10\/ovidio-testata.jpg\",\"width\":1920,\"height\":1028,\"caption\":\"Ovidio. Amori, miti e altre storie - Testata - Scuderie del Quirinale\"},{\"@type\":\"WebSite\",\"@id\":\"https:\/\/scuderiequirinale.it\/#website\",\"url\":\"https:\/\/scuderiequirinale.it\/\",\"name\":\"Scuderie del Quirinale\",\"description\":\"\",\"potentialAction\":[{\"@type\":\"SearchAction\",\"target\":{\"@type\":\"EntryPoint\",\"urlTemplate\":\"https:\/\/scuderiequirinale.it\/?s={search_term_string}\"},\"query-input\":{\"@type\":\"PropertyValueSpecification\",\"valueRequired\":true,\"valueName\":\"search_term_string\"}}],\"inLanguage\":\"en-US\"}]}<\/script>\r\n<!-- \/ Yoast SEO plugin. -->","yoast_head_json":{"title":"Altre storie: Ovidio in citt\u00e0 | Scuderie del Quirinale","robots":{"index":"index","follow":"follow","max-snippet":"max-snippet:-1","max-image-preview":"max-image-preview:large","max-video-preview":"max-video-preview:-1"},"canonical":"https:\/\/scuderiequirinale.it\/activity\/altre-storie-ovidio-in-citta\/","og_locale":"en_US","og_type":"article","og_title":"Altre storie: Ovidio in citt\u00e0 | Scuderie del Quirinale","og_description":"Da domenica 21 ottobre 2018 a Gioved\u00ec 19 gennaio 2019 [...]Read More... from Altre storie: Ovidio in citt\u00e0","og_url":"https:\/\/scuderiequirinale.it\/activity\/altre-storie-ovidio-in-citta\/","og_site_name":"Scuderie del Quirinale","article_modified_time":"2021-10-14T14:09:48+00:00","og_image":[{"width":1920,"height":1028,"url":"https:\/\/scuderiequirinale.it\/wp-content\/uploads\/2021\/10\/ovidio-testata.jpg","type":"image\/jpeg"}],"twitter_card":"summary_large_image","twitter_misc":{"Est. reading time":"1 minute"},"schema":{"@context":"https:\/\/schema.org","@graph":[{"@type":"WebPage","@id":"https:\/\/scuderiequirinale.it\/activity\/altre-storie-ovidio-in-citta\/","url":"https:\/\/scuderiequirinale.it\/activity\/altre-storie-ovidio-in-citta\/","name":"Altre storie: Ovidio in citt\u00e0 | Scuderie del Quirinale","isPartOf":{"@id":"https:\/\/scuderiequirinale.it\/#website"},"primaryImageOfPage":{"@id":"https:\/\/scuderiequirinale.it\/activity\/altre-storie-ovidio-in-citta\/#primaryimage"},"image":{"@id":"https:\/\/scuderiequirinale.it\/activity\/altre-storie-ovidio-in-citta\/#primaryimage"},"thumbnailUrl":"https:\/\/scuderiequirinale.it\/wp-content\/uploads\/2021\/10\/ovidio-testata.jpg","datePublished":"2021-10-07T14:56:20+00:00","dateModified":"2021-10-14T14:09:48+00:00","inLanguage":"en-US","potentialAction":[{"@type":"ReadAction","target":["https:\/\/scuderiequirinale.it\/activity\/altre-storie-ovidio-in-citta\/"]}]},{"@type":"ImageObject","inLanguage":"en-US","@id":"https:\/\/scuderiequirinale.it\/activity\/altre-storie-ovidio-in-citta\/#primaryimage","url":"https:\/\/scuderiequirinale.it\/wp-content\/uploads\/2021\/10\/ovidio-testata.jpg","contentUrl":"https:\/\/scuderiequirinale.it\/wp-content\/uploads\/2021\/10\/ovidio-testata.jpg","width":1920,"height":1028,"caption":"Ovidio. Amori, miti e altre storie - Testata - Scuderie del Quirinale"},{"@type":"WebSite","@id":"https:\/\/scuderiequirinale.it\/#website","url":"https:\/\/scuderiequirinale.it\/","name":"Scuderie del Quirinale","description":"","potentialAction":[{"@type":"SearchAction","target":{"@type":"EntryPoint","urlTemplate":"https:\/\/scuderiequirinale.it\/?s={search_term_string}"},"query-input":{"@type":"PropertyValueSpecification","valueRequired":true,"valueName":"search_term_string"}}],"inLanguage":"en-US"}]}},"_links":{"self":[{"href":"https:\/\/scuderiequirinale.it\/en\/wp-json\/wp\/v2\/activity\/437","targetHints":{"allow":["GET"]}}],"collection":[{"href":"https:\/\/scuderiequirinale.it\/en\/wp-json\/wp\/v2\/activity"}],"about":[{"href":"https:\/\/scuderiequirinale.it\/en\/wp-json\/wp\/v2\/types\/activity"}],"wp:featuredmedia":[{"embeddable":true,"href":"https:\/\/scuderiequirinale.it\/en\/wp-json\/wp\/v2\/media\/331"}],"wp:attachment":[{"href":"https:\/\/scuderiequirinale.it\/en\/wp-json\/wp\/v2\/media?parent=437"}],"curies":[{"name":"wp","href":"https:\/\/api.w.org\/{rel}","templated":true}]}}

Altre storie: Ovidio in città

<p>Da domenica 21 ottobre 2018 a Giovedì 19 gennaio 2019</p>



<!--more-->



<p><strong>Domenica 21 ottobre 2018, ore 11.00</strong><br>Teatro Argentina<br><strong><em>Ovidio. Amori, miti e altre storie – L’idea di un grande progetto, la felicità delle parole<br></em></strong><em>Incontro con Francesca Ghedini e Nicola Gardini<br></em>In collaborazione con il Teatro di Roma &#8211; Teatro Nazionale</p>



<p><strong>Giovedì 15 novembre 2018, ore 18.00</strong><br>Villa Medici<br><strong><em>Gli amori degli dèi tra intrighi e incanti<br></em></strong><em>Incontro con Piero Boitani<br></em>In collaborazione con Accademia di Francia a Roma &#8211; Villa Medici</p>



<p><strong>Sabato 1° dicembre 2018, ore 11.30</strong><br>Curia Iulia, ingresso da Via dei Fori Imperiali<br><strong><em>L’amore e l’adulterio tra dèi e uomini<br></em></strong><em>Incontro con Eva Cantarella e Maurizio Bettini<br></em>In collaborazione con il Parco Archeologico del Colosseo<br>Ingresso dedicato su via dei Fori Imperiali lato Foro di Cesare<br>(capienza massima della sala 130 posti)</p>



<p><strong>Domenica 2 dicembre 2018, ore 11.00</strong><br>Teatro Argentina<br><strong><em>Un viaggio in divenire: le metamorfosi nelle arti contemporanee<br></em></strong><em>Incontro con Francesco Bonami, Graziano Graziani e Steve Della Casa<br></em>In collaborazione con il Teatro di Roma &#8211; Teatro Nazionale<br><strong><em>Prenotazione obbligatoria sulla piattaforma</em><a href="https://www.eventbrite.it/e/biglietti-ovidio-in-citta-un-viaggio-in-divenire-le-metamorfosi-nelle-arti-contemporanee-52256770407?aff=ebdssbdestsearch" target="_blank" rel="noreferrer noopener">&nbsp;eventbrite</a></strong></p>



<p><strong>Mercoledì 5 dicembre 2018, ore 21.00</strong><br>Teatro Eliseo<br><strong><em>Tra arte e potere. Ovidio versus Augusto Imperatore: colpevole o innocente?<br></em></strong><strong><em>Al pubblico il verdetto!<br></em></strong><em>All’interno del ciclo “La Storia a Processo” di Elisa Greco<br></em>In collaborazione con il Teatro Eliseo</p>



<p><strong>Martedì 08 gennaio 2019, ore 18.00</strong><br>Palazzo Altemps<br><strong><em>Le “Arti” delle Metamorfosi: da Pigmalione a Hitchcock, da Aracne a Marina Abramovic<br></em></strong><em>In conversazione Claudia Cieri Via, Victor Stoichita con Andrea Cortellessa<br></em>In collaborazione con il Museo Nazionale Romano</p>



<p><strong>Giovedì 10 gennaio 2019, ore 18.00</strong><br>Accademia di Romania<br><strong><em>Le parole dell’esilio<br></em></strong><em>In conversazione Maria Grazia Ciani, Victor Stoichita con Andrea Cortellessa</em></p>



<p>Tutti gli incontri sono a ingresso libero fino a esaurimento posti.<br>Per l’appuntamento del ciclo “La Storia a Processo” biglietti e info su&nbsp;<a href="http://www.teatroeliseo.com/">www.teatroeliseo.com</a>. Riduzioni speciali per i possessori del biglietto della mostra “Ovidio. Amori, miti e altre storie”</p>

<!-- This site is optimized with the Yoast SEO plugin v26.8 - https://yoast.com/product/yoast-seo-wordpress/ -->
<title>Altre storie: Ovidio in città | Scuderie del Quirinale</title>
<meta name="robots" content="index, follow, max-snippet:-1, max-image-preview:large, max-video-preview:-1" />
<link rel="canonical" href="https://scuderiequirinale.it/activity/altre-storie-ovidio-in-citta/" />
<meta property="og:locale" content="en_US" />
<meta property="og:type" content="article" />
<meta property="og:title" content="Altre storie: Ovidio in città | Scuderie del Quirinale" />
<meta property="og:description" content="Da domenica 21 ottobre 2018 a Giovedì 19 gennaio 2019 [...]Read More... from Altre storie: Ovidio in città" />
<meta property="og:url" content="https://scuderiequirinale.it/activity/altre-storie-ovidio-in-citta/" />
<meta property="og:site_name" content="Scuderie del Quirinale" />
<meta property="article:modified_time" content="2021-10-14T14:09:48+00:00" />
<meta property="og:image" content="https://scuderiequirinale.it/wp-content/uploads/2021/10/ovidio-testata.jpg" />
	<meta property="og:image:width" content="1920" />
	<meta property="og:image:height" content="1028" />
	<meta property="og:image:type" content="image/jpeg" />
<meta name="twitter:card" content="summary_large_image" />
<meta name="twitter:label1" content="Est. reading time" />
	<meta name="twitter:data1" content="1 minute" />
<script type="application/ld+json" class="yoast-schema-graph">{"@context":"https://schema.org","@graph":[{"@type":"WebPage","@id":"https://scuderiequirinale.it/activity/altre-storie-ovidio-in-citta/","url":"https://scuderiequirinale.it/activity/altre-storie-ovidio-in-citta/","name":"Altre storie: Ovidio in città | Scuderie del Quirinale","isPartOf":{"@id":"https://scuderiequirinale.it/#website"},"primaryImageOfPage":{"@id":"https://scuderiequirinale.it/activity/altre-storie-ovidio-in-citta/#primaryimage"},"image":{"@id":"https://scuderiequirinale.it/activity/altre-storie-ovidio-in-citta/#primaryimage"},"thumbnailUrl":"https://scuderiequirinale.it/wp-content/uploads/2021/10/ovidio-testata.jpg","datePublished":"2021-10-07T14:56:20+00:00","dateModified":"2021-10-14T14:09:48+00:00","inLanguage":"en-US","potentialAction":[{"@type":"ReadAction","target":["https://scuderiequirinale.it/activity/altre-storie-ovidio-in-citta/"]}]},{"@type":"ImageObject","inLanguage":"en-US","@id":"https://scuderiequirinale.it/activity/altre-storie-ovidio-in-citta/#primaryimage","url":"https://scuderiequirinale.it/wp-content/uploads/2021/10/ovidio-testata.jpg","contentUrl":"https://scuderiequirinale.it/wp-content/uploads/2021/10/ovidio-testata.jpg","width":1920,"height":1028,"caption":"Ovidio. Amori, miti e altre storie - Testata - Scuderie del Quirinale"},{"@type":"WebSite","@id":"https://scuderiequirinale.it/#website","url":"https://scuderiequirinale.it/","name":"Scuderie del Quirinale","description":"","potentialAction":[{"@type":"SearchAction","target":{"@type":"EntryPoint","urlTemplate":"https://scuderiequirinale.it/?s={search_term_string}"},"query-input":{"@type":"PropertyValueSpecification","valueRequired":true,"valueName":"search_term_string"}}],"inLanguage":"en-US"}]}</script>
<!-- / Yoast SEO plugin. -->

Altre storie: Ovidio in città | Scuderie del Quirinale

Da domenica 21 ottobre 2018 a Giovedì 19 gennaio 2019 [...]Read More... from Altre storie: Ovidio in città
