{"id":587,"date":"2019-06-21T17:00:00","date_gmt":"2021-10-08T09:50:22","guid":{"rendered":"https:\/\/beta.scuderiequirinale.it\/activity\/la-festa-della-musica\/"},"modified":"2021-10-14T16:09:47","modified_gmt":"2021-10-14T14:09:47","slug":"la-festa-della-musica","status":"publish","type":"activity","link":"https:\/\/scuderiequirinale.it\/en\/activity\/la-festa-della-musica\/","title":{"rendered":"La Festa della Musica"},"content":{"rendered":"\n<p>Una serata speciale di Musica e Scienza offerta dalle Scuderie del Quirinale, in occasione della Festa della Musica. A partire dalle 20.00 fino a mezzanotte (ultimo ingresso ore 23.00), le Scuderie del Quirinale apriranno gratuitamente a tutti i visitatori la mostra\u00a0<em>\u201cLeonardo da Vinci. La Scienza prima della Scienza\u201d<\/em>\u00a0e, in via del tutto eccezionale, la terrazza che si affaccia sulla Piazza del Quirinale.<\/p>\n\n\n\n<!--more-->\n\n\n\n<figure class=\"wp-block-image size-medium\"><img decoding=\"async\" width=\"300\" height=\"300\" src=\"https:\/\/beta.scuderiequirinale.it\/wp-content\/uploads\/2021\/10\/festa-della-musica-300x300.jpg\" alt=\"Ascolta come suonano le stelle - Festa della Musica\" class=\"wp-image-551\" srcset=\"https:\/\/scuderiequirinale.it\/wp-content\/uploads\/2021\/10\/festa-della-musica-300x300.jpg 300w, https:\/\/scuderiequirinale.it\/wp-content\/uploads\/2021\/10\/festa-della-musica-150x150.jpg 150w, https:\/\/scuderiequirinale.it\/wp-content\/uploads\/2021\/10\/festa-della-musica-768x768.jpg 768w, https:\/\/scuderiequirinale.it\/wp-content\/uploads\/2021\/10\/festa-della-musica.jpg 960w\" sizes=\"(max-width: 300px) 100vw, 300px\" \/><\/figure>\n\n\n\n<p>All\u2019arrivo delle prime luci della sera, in terrazza si esibir\u00e0&nbsp;<strong>l\u2019Accademia Romana del Flauto Traversiere<\/strong>, mentre gli astrofisici di&nbsp;<strong>RomAstronomica<\/strong>&nbsp;guideranno l\u2019osservazione del cielo di Roma a occhio nudo e con l\u2019ausilio del telescopio.<\/p>\n\n\n\n<p><em><strong>L\u2019Accademia Romana del Flauto Traversiere<\/strong>, istituita recentemente per iniziativa del M\u00b0 Enrico Casularo (flautista, musicologo di fama internazionale collezionista di flauti traversi storici e insegnante) e dei suoi migliori allievi laureati presso il Conservatorio di musica di \u201cSanta Cecilia\u201d di Roma, ha tra le sue finalit\u00e0 la diffusione della conoscenza e della pratica dei flauti traversi storici e la valorizzazione del repertorio flautistico soprattutto inedito e del patrimonio strumentario conservato presso le collezioni pubbliche e private italiane. L\u2019Accademia si avvale della collaborazione dei pi\u00f9 celebri solisti, docenti, musicologi, organologi e collezionisti di strumenti musicali e stabilisce sinergie con le pi\u00f9 prestigiose istituzioni musicali e culturali, italiane ed estere.<\/em><\/p>\n\n\n\n<p><strong>Alle Scuderie del Quirinale, in occasione della Festa della Musica suoneranno<\/strong>:<\/p>\n\n\n\n<p><em><strong>Enrico Casularo, flauto traversiere e direzione musicale<\/strong><\/em><\/p>\n\n\n\n<p><em><strong>Alessandro Cilona, flauto traversiere<\/strong><\/em><\/p>\n\n\n\n<p><em><strong>Ulrike Pranter, violoncello barocco<\/strong><\/em><\/p>\n\n\n\n<p><strong>Programma musicale:<\/strong><\/p>\n\n\n\n<ol class=\"wp-block-list\"><li><strong>Hotteterre,&nbsp;<em>Sonata in Trio in Si min<\/em>.<\/strong><\/li><li><strong>Valentino,&nbsp;<em>Ciaccona in Re magg.<\/em><\/strong><\/li><li><strong>Corelli,&nbsp;<em>Sonata in Re Magg.<\/em><\/strong><\/li><li><strong>Corelli,&nbsp;<em>Sonata Ciaccona<\/em><\/strong><\/li><li><strong>Blavet,&nbsp;<em>Pourquoi doux rossignols<\/em><\/strong><\/li><\/ol>\n\n\n\n<p>*Flauti modello \u201cHotteterre\u201d, La3=332 Hz<\/p>\n\n\n\n<p><em>Il&nbsp;<strong>Team di RomAstronomica<\/strong>&nbsp;ha a cuore una cosa semplice: condividere, con professionalit\u00e0 ed entusiasmo, la passione per la Bellezza del Cielo e della Citt\u00e0 Eterna. Per questo, si avvale della collaborazione di astronomi ed esperti di storia della scienza di fama mondiale, che vantano collaborazioni con i pi\u00f9 prestigiosi istituti e media internazionali. Rigore scientifico, cura del linguaggio e pluralit\u00e0 culturale sono al centro del progetto RomAstronomica.<\/em><\/p>\n\n\n\n<p><em>In occasione della Festa della Musica alle Scuderie del Quirinale verr\u00e0 rievocato il rapporto tra il firmamento e l\u2019arte musicale, prima di prendere confidenza con il paesaggio del cielo, con osservazione degli astri principali sia ad occhio nudo che al telescopio.<\/em><\/p>\n\n\n\n<p><em>Al tramonto, sar\u00e0 protagonista l\u2019elusivo pianeta Mercurio che al telescopio mostrer\u00e0 la sua piccola falce. Sar\u00e0 poi la volta delle celebri stelle del Grande Carro, della Stella Polare e degli astri primaverili pi\u00f9 brillanti che sveleranno i loro incredibili colori. Successivamente lo sguardo si spinger\u00e0, grazie al telescopio, a decine di migliaia di anni luce, fino al grande ammasso globulare di Ercole.<\/em><\/p>\n\n\n\n<p><em>Ospite principale sar\u00e0 Gianluca Masi, astrofisico e comunicatore scientifico, fondatore del progetto Virtual Telescope. Scopritore di asteroidi, pianeti extrasolari e stelle variabili, Gianluca Masi ha all\u2019attivo numerosi contributi e riconoscimenti professionali. \u00c8 Coordinatore per l\u2019Italia di Asteroid Day e Astronomers Without Borders. \u00c8 Dark Sky Ambassador nell\u2019ambito del progetto \u201cDark Skies for All\u201d dell\u2019International Astronomical Union.<\/em><\/p>\n\n\n\n<figure class=\"wp-block-image size-large\"><img decoding=\"async\" width=\"1024\" height=\"765\" src=\"https:\/\/beta.scuderiequirinale.it\/wp-content\/uploads\/2021\/10\/CartaCelesteScuderieQuirinale_21giu2019_2230-1024x765.jpg\" alt=\"Carta stellata su Scuderie del Quirinale\" class=\"wp-image-549\" srcset=\"https:\/\/scuderiequirinale.it\/wp-content\/uploads\/2021\/10\/CartaCelesteScuderieQuirinale_21giu2019_2230-1024x765.jpg 1024w, https:\/\/scuderiequirinale.it\/wp-content\/uploads\/2021\/10\/CartaCelesteScuderieQuirinale_21giu2019_2230-300x224.jpg 300w, https:\/\/scuderiequirinale.it\/wp-content\/uploads\/2021\/10\/CartaCelesteScuderieQuirinale_21giu2019_2230-768x574.jpg 768w, https:\/\/scuderiequirinale.it\/wp-content\/uploads\/2021\/10\/CartaCelesteScuderieQuirinale_21giu2019_2230.jpg 1365w\" sizes=\"(max-width: 1024px) 100vw, 1024px\" \/><\/figure>\n","protected":false},"featured_media":570,"menu_order":144,"template":"pages-templates\/activity.php","class_list":["post-587","activity","type-activity","status-publish","has-post-thumbnail","hentry"],"acf":[],"yoast_head":"<!-- This site is optimized with the Yoast SEO plugin v26.8 - https:\/\/yoast.com\/product\/yoast-seo-wordpress\/ -->\r\n<title>La Festa della Musica | Scuderie del Quirinale<\/title>\r\n<meta name=\"robots\" content=\"index, follow, max-snippet:-1, max-image-preview:large, max-video-preview:-1\" \/>\r\n<link rel=\"canonical\" href=\"https:\/\/scuderiequirinale.it\/activity\/la-festa-della-musica\/\" \/>\r\n<meta property=\"og:locale\" content=\"en_US\" \/>\r\n<meta property=\"og:type\" content=\"article\" \/>\r\n<meta property=\"og:title\" content=\"La Festa della Musica | Scuderie del Quirinale\" \/>\r\n<meta property=\"og:description\" content=\"Una serata speciale di Musica e Scienza offerta dalle Scuderie del Quirinale, in occasione della Festa della Musica. A partire dalle 20.00 fino a mezzanotte (ultimo ingresso ore 23.00), le Scuderie del Quirinale apriranno gratuitamente a tutti i visitatori la mostra\u00a0\u201cLeonardo da Vinci. La Scienza prima della Scienza\u201d\u00a0e, in via del tutto eccezionale, la terrazza [...]Read More... from La Festa della Musica\" \/>\r\n<meta property=\"og:url\" content=\"https:\/\/scuderiequirinale.it\/activity\/la-festa-della-musica\/\" \/>\r\n<meta property=\"og:site_name\" content=\"Scuderie del Quirinale\" \/>\r\n<meta property=\"article:modified_time\" content=\"2021-10-14T14:09:47+00:00\" \/>\r\n<meta property=\"og:image\" content=\"https:\/\/scuderiequirinale.it\/wp-content\/uploads\/2021\/10\/Foto-Laboratori-provvisoria1-scaled.jpg\" \/>\r\n\t<meta property=\"og:image:width\" content=\"2560\" \/>\r\n\t<meta property=\"og:image:height\" content=\"1440\" \/>\r\n\t<meta property=\"og:image:type\" content=\"image\/jpeg\" \/>\r\n<meta name=\"twitter:card\" content=\"summary_large_image\" \/>\r\n<meta name=\"twitter:label1\" content=\"Est. reading time\" \/>\n\t<meta name=\"twitter:data1\" content=\"3 minutes\" \/>\r\n<script type=\"application\/ld+json\" class=\"yoast-schema-graph\">{\"@context\":\"https:\/\/schema.org\",\"@graph\":[{\"@type\":\"WebPage\",\"@id\":\"https:\/\/scuderiequirinale.it\/activity\/la-festa-della-musica\/\",\"url\":\"https:\/\/scuderiequirinale.it\/activity\/la-festa-della-musica\/\",\"name\":\"La Festa della Musica | Scuderie del Quirinale\",\"isPartOf\":{\"@id\":\"https:\/\/scuderiequirinale.it\/#website\"},\"primaryImageOfPage\":{\"@id\":\"https:\/\/scuderiequirinale.it\/activity\/la-festa-della-musica\/#primaryimage\"},\"image\":{\"@id\":\"https:\/\/scuderiequirinale.it\/activity\/la-festa-della-musica\/#primaryimage\"},\"thumbnailUrl\":\"https:\/\/scuderiequirinale.it\/wp-content\/uploads\/2021\/10\/Foto-Laboratori-provvisoria1-scaled.jpg\",\"datePublished\":\"2021-10-08T09:50:22+00:00\",\"dateModified\":\"2021-10-14T14:09:47+00:00\",\"inLanguage\":\"en-US\",\"potentialAction\":[{\"@type\":\"ReadAction\",\"target\":[\"https:\/\/scuderiequirinale.it\/activity\/la-festa-della-musica\/\"]}]},{\"@type\":\"ImageObject\",\"inLanguage\":\"en-US\",\"@id\":\"https:\/\/scuderiequirinale.it\/activity\/la-festa-della-musica\/#primaryimage\",\"url\":\"https:\/\/scuderiequirinale.it\/wp-content\/uploads\/2021\/10\/Foto-Laboratori-provvisoria1-scaled.jpg\",\"contentUrl\":\"https:\/\/scuderiequirinale.it\/wp-content\/uploads\/2021\/10\/Foto-Laboratori-provvisoria1-scaled.jpg\",\"width\":2560,\"height\":1440,\"caption\":\"Laboratori per Bambini - SDQ\"},{\"@type\":\"WebSite\",\"@id\":\"https:\/\/scuderiequirinale.it\/#website\",\"url\":\"https:\/\/scuderiequirinale.it\/\",\"name\":\"Scuderie del Quirinale\",\"description\":\"\",\"potentialAction\":[{\"@type\":\"SearchAction\",\"target\":{\"@type\":\"EntryPoint\",\"urlTemplate\":\"https:\/\/scuderiequirinale.it\/?s={search_term_string}\"},\"query-input\":{\"@type\":\"PropertyValueSpecification\",\"valueRequired\":true,\"valueName\":\"search_term_string\"}}],\"inLanguage\":\"en-US\"}]}<\/script>\r\n<!-- \/ Yoast SEO plugin. -->","yoast_head_json":{"title":"La Festa della Musica | Scuderie del Quirinale","robots":{"index":"index","follow":"follow","max-snippet":"max-snippet:-1","max-image-preview":"max-image-preview:large","max-video-preview":"max-video-preview:-1"},"canonical":"https:\/\/scuderiequirinale.it\/activity\/la-festa-della-musica\/","og_locale":"en_US","og_type":"article","og_title":"La Festa della Musica | Scuderie del Quirinale","og_description":"Una serata speciale di Musica e Scienza offerta dalle Scuderie del Quirinale, in occasione della Festa della Musica. A partire dalle 20.00 fino a mezzanotte (ultimo ingresso ore 23.00), le Scuderie del Quirinale apriranno gratuitamente a tutti i visitatori la mostra\u00a0\u201cLeonardo da Vinci. La Scienza prima della Scienza\u201d\u00a0e, in via del tutto eccezionale, la terrazza [...]Read More... from La Festa della Musica","og_url":"https:\/\/scuderiequirinale.it\/activity\/la-festa-della-musica\/","og_site_name":"Scuderie del Quirinale","article_modified_time":"2021-10-14T14:09:47+00:00","og_image":[{"width":2560,"height":1440,"url":"https:\/\/scuderiequirinale.it\/wp-content\/uploads\/2021\/10\/Foto-Laboratori-provvisoria1-scaled.jpg","type":"image\/jpeg"}],"twitter_card":"summary_large_image","twitter_misc":{"Est. reading time":"3 minutes"},"schema":{"@context":"https:\/\/schema.org","@graph":[{"@type":"WebPage","@id":"https:\/\/scuderiequirinale.it\/activity\/la-festa-della-musica\/","url":"https:\/\/scuderiequirinale.it\/activity\/la-festa-della-musica\/","name":"La Festa della Musica | Scuderie del Quirinale","isPartOf":{"@id":"https:\/\/scuderiequirinale.it\/#website"},"primaryImageOfPage":{"@id":"https:\/\/scuderiequirinale.it\/activity\/la-festa-della-musica\/#primaryimage"},"image":{"@id":"https:\/\/scuderiequirinale.it\/activity\/la-festa-della-musica\/#primaryimage"},"thumbnailUrl":"https:\/\/scuderiequirinale.it\/wp-content\/uploads\/2021\/10\/Foto-Laboratori-provvisoria1-scaled.jpg","datePublished":"2021-10-08T09:50:22+00:00","dateModified":"2021-10-14T14:09:47+00:00","inLanguage":"en-US","potentialAction":[{"@type":"ReadAction","target":["https:\/\/scuderiequirinale.it\/activity\/la-festa-della-musica\/"]}]},{"@type":"ImageObject","inLanguage":"en-US","@id":"https:\/\/scuderiequirinale.it\/activity\/la-festa-della-musica\/#primaryimage","url":"https:\/\/scuderiequirinale.it\/wp-content\/uploads\/2021\/10\/Foto-Laboratori-provvisoria1-scaled.jpg","contentUrl":"https:\/\/scuderiequirinale.it\/wp-content\/uploads\/2021\/10\/Foto-Laboratori-provvisoria1-scaled.jpg","width":2560,"height":1440,"caption":"Laboratori per Bambini - SDQ"},{"@type":"WebSite","@id":"https:\/\/scuderiequirinale.it\/#website","url":"https:\/\/scuderiequirinale.it\/","name":"Scuderie del Quirinale","description":"","potentialAction":[{"@type":"SearchAction","target":{"@type":"EntryPoint","urlTemplate":"https:\/\/scuderiequirinale.it\/?s={search_term_string}"},"query-input":{"@type":"PropertyValueSpecification","valueRequired":true,"valueName":"search_term_string"}}],"inLanguage":"en-US"}]}},"_links":{"self":[{"href":"https:\/\/scuderiequirinale.it\/en\/wp-json\/wp\/v2\/activity\/587","targetHints":{"allow":["GET"]}}],"collection":[{"href":"https:\/\/scuderiequirinale.it\/en\/wp-json\/wp\/v2\/activity"}],"about":[{"href":"https:\/\/scuderiequirinale.it\/en\/wp-json\/wp\/v2\/types\/activity"}],"wp:featuredmedia":[{"embeddable":true,"href":"https:\/\/scuderiequirinale.it\/en\/wp-json\/wp\/v2\/media\/570"}],"wp:attachment":[{"href":"https:\/\/scuderiequirinale.it\/en\/wp-json\/wp\/v2\/media?parent=587"}],"curies":[{"name":"wp","href":"https:\/\/api.w.org\/{rel}","templated":true}]}}

<p>Una serata speciale di Musica e Scienza offerta dalle Scuderie del Quirinale, in occasione della Festa della Musica. A partire dalle 20.00 fino a mezzanotte (ultimo ingresso ore 23.00), le Scuderie del Quirinale apriranno gratuitamente a tutti i visitatori la mostra <em>“Leonardo da Vinci. La Scienza prima della Scienza”</em> e, in via del tutto eccezionale, la terrazza che si affaccia sulla Piazza del Quirinale.</p>



<!--more-->



<figure class="wp-block-image size-medium"><img decoding="async" width="300" height="300" src="https://beta.scuderiequirinale.it/wp-content/uploads/2021/10/festa-della-musica-300x300.jpg" alt="Ascolta come suonano le stelle - Festa della Musica" class="wp-image-551" srcset="https://scuderiequirinale.it/wp-content/uploads/2021/10/festa-della-musica-300x300.jpg 300w, https://scuderiequirinale.it/wp-content/uploads/2021/10/festa-della-musica-150x150.jpg 150w, https://scuderiequirinale.it/wp-content/uploads/2021/10/festa-della-musica-768x768.jpg 768w, https://scuderiequirinale.it/wp-content/uploads/2021/10/festa-della-musica.jpg 960w" sizes="(max-width: 300px) 100vw, 300px" /></figure>



<p>All’arrivo delle prime luci della sera, in terrazza si esibirà&nbsp;<strong>l’Accademia Romana del Flauto Traversiere</strong>, mentre gli astrofisici di&nbsp;<strong>RomAstronomica</strong>&nbsp;guideranno l’osservazione del cielo di Roma a occhio nudo e con l’ausilio del telescopio.</p>



<p><em><strong>L’Accademia Romana del Flauto Traversiere</strong>, istituita recentemente per iniziativa del M° Enrico Casularo (flautista, musicologo di fama internazionale collezionista di flauti traversi storici e insegnante) e dei suoi migliori allievi laureati presso il Conservatorio di musica di “Santa Cecilia” di Roma, ha tra le sue finalità la diffusione della conoscenza e della pratica dei flauti traversi storici e la valorizzazione del repertorio flautistico soprattutto inedito e del patrimonio strumentario conservato presso le collezioni pubbliche e private italiane. L’Accademia si avvale della collaborazione dei più celebri solisti, docenti, musicologi, organologi e collezionisti di strumenti musicali e stabilisce sinergie con le più prestigiose istituzioni musicali e culturali, italiane ed estere.</em></p>



<p><strong>Alle Scuderie del Quirinale, in occasione della Festa della Musica suoneranno</strong>:</p>



<p><em><strong>Enrico Casularo, flauto traversiere e direzione musicale</strong></em></p>



<p><em><strong>Alessandro Cilona, flauto traversiere</strong></em></p>



<p><em><strong>Ulrike Pranter, violoncello barocco</strong></em></p>



<p><strong>Programma musicale:</strong></p>



<ol class="wp-block-list"><li><strong>Hotteterre,&nbsp;<em>Sonata in Trio in Si min</em>.</strong></li><li><strong>Valentino,&nbsp;<em>Ciaccona in Re magg.</em></strong></li><li><strong>Corelli,&nbsp;<em>Sonata in Re Magg.</em></strong></li><li><strong>Corelli,&nbsp;<em>Sonata Ciaccona</em></strong></li><li><strong>Blavet,&nbsp;<em>Pourquoi doux rossignols</em></strong></li></ol>



<p>*Flauti modello “Hotteterre”, La3=332 Hz</p>



<p><em>Il&nbsp;<strong>Team di RomAstronomica</strong>&nbsp;ha a cuore una cosa semplice: condividere, con professionalità ed entusiasmo, la passione per la Bellezza del Cielo e della Città Eterna. Per questo, si avvale della collaborazione di astronomi ed esperti di storia della scienza di fama mondiale, che vantano collaborazioni con i più prestigiosi istituti e media internazionali. Rigore scientifico, cura del linguaggio e pluralità culturale sono al centro del progetto RomAstronomica.</em></p>



<p><em>In occasione della Festa della Musica alle Scuderie del Quirinale verrà rievocato il rapporto tra il firmamento e l’arte musicale, prima di prendere confidenza con il paesaggio del cielo, con osservazione degli astri principali sia ad occhio nudo che al telescopio.</em></p>



<p><em>Al tramonto, sarà protagonista l’elusivo pianeta Mercurio che al telescopio mostrerà la sua piccola falce. Sarà poi la volta delle celebri stelle del Grande Carro, della Stella Polare e degli astri primaverili più brillanti che sveleranno i loro incredibili colori. Successivamente lo sguardo si spingerà, grazie al telescopio, a decine di migliaia di anni luce, fino al grande ammasso globulare di Ercole.</em></p>



<p><em>Ospite principale sarà Gianluca Masi, astrofisico e comunicatore scientifico, fondatore del progetto Virtual Telescope. Scopritore di asteroidi, pianeti extrasolari e stelle variabili, Gianluca Masi ha all’attivo numerosi contributi e riconoscimenti professionali. È Coordinatore per l’Italia di Asteroid Day e Astronomers Without Borders. È Dark Sky Ambassador nell’ambito del progetto “Dark Skies for All” dell’International Astronomical Union.</em></p>



<figure class="wp-block-image size-large"><img decoding="async" width="1024" height="765" src="https://beta.scuderiequirinale.it/wp-content/uploads/2021/10/CartaCelesteScuderieQuirinale_21giu2019_2230-1024x765.jpg" alt="Carta stellata su Scuderie del Quirinale" class="wp-image-549" srcset="https://scuderiequirinale.it/wp-content/uploads/2021/10/CartaCelesteScuderieQuirinale_21giu2019_2230-1024x765.jpg 1024w, https://scuderiequirinale.it/wp-content/uploads/2021/10/CartaCelesteScuderieQuirinale_21giu2019_2230-300x224.jpg 300w, https://scuderiequirinale.it/wp-content/uploads/2021/10/CartaCelesteScuderieQuirinale_21giu2019_2230-768x574.jpg 768w, https://scuderiequirinale.it/wp-content/uploads/2021/10/CartaCelesteScuderieQuirinale_21giu2019_2230.jpg 1365w" sizes="(max-width: 1024px) 100vw, 1024px" /></figure>
